 be p(-8). Let u be z(m). Calculate the highest common factor of u and 36.
12
Let v be (4 + 168/(-35))*(-5)/1. Suppose -v*g - 2*m = -106, -2*m = -m + 3. What is the greatest common factor of 28 and g?
28
Suppose 17*r - 22*r + 4948 = -y, -5*y = 15. Calculate the highest common divisor of r and 23.
23
Suppose 14*j - j - 2535 = 0. What is the greatest common divisor of j and 117?
39
Suppose -4*d + 131 + 181 = 0. Let c be (130/5)/(116/36 + -3). Calculate the greatest common factor of d and c.
39
Let i be (-2 - 5971/42) + (-2)/(-12). Let w be (-32)/i - 160/(-9). Let k be 75/12 - 1/4. What is the highest common factor of w and k?
6
Suppose -5*i - 5*j + 5 = 0, 5*i + 2*j = 7*j + 45. Let t = i + -3. Let p be (-4)/t + (-2 - -5). Calculate the highest common divisor of 11 and p.
1
Let x be 15/6*((-288)/(-20) + -4). Let d = 73 - x. What is the greatest common divisor of d and 423?
47
Let s(z) = 2*z - 7. Let k be s(9). Let m(p) = p + 21. Let x be m(k). What is the highest common divisor of 4 and x?
4
Let a be (133 - (6 - 10)) + -2. Calculate the highest common divisor of 18 and a.
9
Suppose 388 = -16*p + 2116. Calculate the greatest common factor of 144 and p.
36
Let a(l) = l**3 - 4*l**2 - 16*l - 8. Let q be a(7). What is the highest common factor of 351 and q?
27
Suppose 22 = f - 2*u, -2*f = 2*u - 0*u - 20. Calculate the greatest common factor of 462 and f.
14
Suppose 2*p - 1603 - 12 = -5*b, -1620 = -5*b - 3*p. Suppose -b = -2*y - 69. Calculate the greatest common factor of 84 and y.
42
Let z(j) = 25*j. Suppose -4*r + 8 + 0 = -3*x, r + 4*x - 2 = 0. Let c be z(r). Let g be (-10)/25 - 254/(-10). What is the highest common factor of g and c?
25
Let a = 16 + -14. Suppose -a*h + h + 4 = 0. Let i be 172/(16/h) + 2. Calculate the greatest common divisor of i and 9.
9
Let z(w) = 32*w - 35. Let o be z(14). Calculate the greatest common factor of o and 177.
59
Let r = -250 - -283. What is the greatest common factor of 55 and r?
11
Suppose -2*t = -5*d - 1813, 0*d + 2 = 2*d. Calculate the greatest common divisor of t and 18.
9
Suppose -f - 3*f - 72 = 0. Let h = 16 + f. Let n be h*(-3 - -7)*-1. Calculate the greatest common divisor of n and 4.
4
Suppose 826 = 2*v + w - 4*w, 1201 = 3*v + 5*w. What is the greatest common divisor of 88 and v?
11
Let b(v) = -v + 25. Let z be b(9). Suppose z*m - 69 = 13*m. Let g = m + -5. What is the greatest common factor of g and 45?
9
Let o be -2 + 1 + -4 + 10. Suppose 64 = o*d + t, -4*d + 2*t + 3*t + 57 = 0. Calculate the highest common factor of 91 and d.
13
Suppose -6*r = 23 - 53. Suppose 5*d + r*x = 78 + 42, -4*d + 4*x + 96 = 0. What is the highest common divisor of d and 36?
12
Let b(r) = 2*r**2 + 2*r - 4. Let q be b(8). Let k(h) = -h**3 + 5*h**2 + 4*h - 2. Let g be k(3). What is the greatest common factor of q and g?
28
Suppose -7*s + 5*s = -2. Let d be (-4 + 8)*(-2)/s. Let m(o) = -o**3 - 9*o**2 - 11*o - 9. Let r be m(d). What is the highest common divisor of r and 3?
3
Suppose 4*v - 4 - 4 = 0. Let n be (5/v)/((-1)/(-8)). Suppose k - 160 = -3*g, 9*k - 5*g + 640 = 13*k. What is the greatest common factor of n and k?
20
Let k = -36 + 38. Suppose -k*p + 0*p + r = -422, 3*r + 216 = p. Calculate the greatest common divisor of 30 and p.
30
Let r = 247 + -155. What is the greatest common divisor of r and 69?
23
Let a be 13713/49 + 2/14. Suppose 5*m - a = -5*s, 5*s = -9 - 11. Calculate the highest common factor of m and 5.
5
Suppose -3*q - 5*x = 66 + 564, 3*x - 1084 = 5*q. Let p = -96 - q. Let d = 27 - 10. Calculate the greatest common factor of d and p.
17
Suppose 0 = -109*v + 139*v - 1410. Calculate the highest common divisor of v and 1927.
47
Suppose 3*l + 83 = 2*i, -148 = -5*i + 3*l + 82. Suppose -a + 808 - 794 = 0. What is the highest common factor of i and a?
7
Suppose -2*l + 331 = 5*y + 44, 113 = 2*y - l. Suppose 3*b + 55 = o - 2*b, o = 3*b + y. What is the highest common divisor of o and 20?
20
Suppose 3*x + 0*t = 2*t + 154, 3*t = 2*x - 101. Suppose 0*c = -0*c + 2*c. Suppose -104 = -8*d - c*d. What is the greatest common factor of d and x?
13
Let x(y) = -y**3 - 14*y**2 + 15*y + 9. Let j be x(-15). Suppose -j*h + 8 = -19. What is the highest common divisor of h and 12?
3
Let j be (226 - 6 - -4) + -8. What is the greatest common divisor of 192 and j?
24
Suppose 0 = 5*d + 3*d - 16. Suppose d*l + 600 = 5*i, -2*l = -3*l. What is the highest common factor of 24 and i?
24
Suppose 0 = -3*q - 2 + 14. Let t be 18/1 - (2 - q). Let u(l) = l**3 - 9*l**2 - 10*l + 4. Let a be u(10). What is the greatest common factor of t and a?
4
Suppose -q - 5*o + 110 = 0, -11*o + 232 = 2*q - 7*o. Calculate the greatest common factor of 30 and q.
30
Let f be 7*(-2 - (-60)/21). Suppose -9 = -3*m - 3. Suppose 2*k + d - 107 + 9 = 0, -4 = -m*d. Calculate the highest common factor of f and k.
6
Let p(c) = -c**2 - 24*c + 2. Let i be p(-28). Let u = i - -186. Calculate the greatest common divisor of u and 38.
38
Suppose 2*d = 5*g + 32, -3*g - 3 + 15 = 0. Calculate the highest common factor of d and 78.
26
Let u be 84/10 + 2/(-5). Let v be (-3 - 1) + 30/(-5) + 16. What is the greatest common divisor of v and u?
2
Suppose -g - 4 + 64 = 0. Calculate the highest common divisor of g and 255.
15
Let g = -14 + 19. Suppose -29 = -5*w + m + 9, g*w - 4*m - 32 = 0. What is the greatest common factor of w and 28?
4
Suppose -43*i - 5910 = -17520. What is the greatest common divisor of 36 and i?
18
Suppose 0 = 5*b - 2*f - 16732, -3332 = -b - 10*f + 14*f. Calculate the highest common factor of 124 and b.
124
Let a be (-1)/(6/(-4))*(-360)/(-16). Calculate the greatest common divisor of 25 and a.
5
Suppose 122 = 5*d - 3*d. Suppose -2*j = 4*u - j - 229, u + j - d = 0. What is the highest common factor of u and 28?
28
Suppose 5*i + 1627 = -4*z + 6947, 0 = -4*z - 4*i + 5324. Calculate the highest common factor of z and 15.
15
Suppose -3*n - 2*v + 34 = 0, 0*n - 18 = -n - 4*v. Let u be -5 + 1 + n*2. What is the highest common divisor of 64 and u?
16
Let y be 12/(-15) - 8760/(-200). What is the greatest common divisor of y and 1333?
43
Let j = 243 + -228. Let h be 1 + 1 - (4 - 17). Calculate the highest common divisor of h and j.
15
Let q be (-119375)/(-75)*(-4 + 7). Calculate the greatest common divisor of q and 25.
25
Let m(b) = -14*b**3 + 2*b**2 + 4*b + 1. Let w be m(-1). Let p = 23 + w. Calculate the greatest common factor of 12 and p.
12
Let u = -11 - -23. Suppose 0 = -0*z + 3*z + 3*t - u, t - 13 = -4*z. Suppose 44 = z*s + 2*a + 6, -2*a = -s + 2. Calculate the greatest common factor of 25 and s.
5
Suppose 57 = -52*n + 55*n. Suppose h = o + 8, -3*h + o + n = -h. Calculate the highest common divisor of h and 22.
11
Let r = 718 - 706. Calculate the highest common factor of r and 34.
2
Suppose 147 = 6*g - 63. What is the highest common factor of 35 and g?
35
Let y = 66 + -61. Suppose 2*f = -b + 72, -b = -4*b - y*f + 213. What is the greatest common factor of 22 and b?
22
Let i(o) = o**3 + 3*o**2 + 3*o - 5. Let u be i(4). Let a = -69 + -3. Let j = -55 - a. What is the highest common factor of j and u?
17
Let a(i) = 2*i**2 - 3*i + 96. Let t be a(0). Calculate the highest common divisor of t and 36.
12
Suppose 0 = 3*s + 2*f - 22, 0 = 4*s + 4*f + 11 - 43. Suppose 0 = -s*n + 335 + 127. Calculate the highest common factor of n and 7.
7
Let r be 18/(-63) - -25*(-11)/(-7). Calculate the greatest common divisor of 13 and r.
13
Suppose -5*q + 2*h + 24 = 0, -5*q = 2*h + 2*h - 12. Suppose -5*w + 10 = -q*w. What is the highest common factor of 10 and w?
10
Let c(s) = 23*s**2 - s + 1. Let i = 5 - 4. Let u be c(i). Let g = u + -14. Calculate the greatest common factor of g and 63.
9
Suppose -3*d - 2*d + 300 = 0. Let k be (-6)/(-10) + 126/(-35). Let v be -3 - (-1 + 6)*k. What is the highest common factor of v and d?
12
Suppose -7*v + 17*v - 540 = 0. Calculate the greatest common divisor of 126 and v.
18
Suppose -2 = 3*w - 17. Suppose 3*z + 0*z = 2*p - 201, 5*p = w*z + 490. What is the greatest common divisor of 62 and p?
31
Let x(v) = 13*v**2 + v - 2. Let i be x(2). What is the highest common divisor of 13 and i?
13
Let w be -8 - (-12 + 0/4). What is the greatest common divisor of 7 and w?
1
Let i(y) = y**2 - 7*y + 1. Let k be i(7). Let w(o) = k + 2*o**2 - 9 - 1 - o**3 - 8*o**2. Let z be w(-7). Calc